inder when v(-23) is divided by 5.
4
Let n = 15 - 11. Suppose 5*x + 2*z = 55, n*x = -z + 16 + 31. Calculate the remainder when x + 0/((-2)/(-1)) is divided by 3.
1
Let i(h) = 3*h**2 + 2*h + 15. Let t(r) = 7*r**2 + 5*r + 30. Let a(z) = 9*i(z) - 4*t(z). What is the remainder when a(0) is divided by 2?
1
Let d be 1/(((-7)/14)/((-142)/4)). Suppose j - 2*j + d = 0. What is the remainder when j is divided by 12?
11
Suppose 7*c - 193 = 115. Let h = -117 - -192. Suppose -h = -4*b - b. Calculate the remainder when c is divided by b.
14
Let s(k) = 68*k - 22. What is the remainder when s(5) is divided by 64?
62
Let y(i) = -95*i - 23. Let q be y(-4). Suppose 4*r - 95 - q = 0. Calculate the remainder when r is divided by 23.
21
Let i be ((-3)/2)/(-2 + 19/10). Let n = i - -42. Calculate the remainder when n is divided by 12.
9
Let a(s) = 2*s - 4. Let k = 95 + -90. Calculate the remainder when a(9) is divided by k.
4
Let s(w) = w**3 - 3*w**2 + w + 2. Let b be s(2). Let y = b + 6. Suppose y*x = 3*x + 135. What is the remainder when x is divided by 16?
13
Let p(j) be the first derivative of 3*j**4/4 - j**3/3 + j**2/2 - 6. Let t = -19 - -21. Calculate the remainder when 41 is divided by p(t).
19
Let u = 511 - 359. What is the remainder when u is divided by 17?
16
Let s(i) = -3*i + 16. Let z = -93 - -90. Calculate the remainder when 99 is divided by s(z).
24
Let c = -513 + 533. Calculate the remainder when 148 is divided by c.
8
Suppose -t = 2*r - 3*t - 32, -33 = -3*r - 2*t. Let i = -3276 - -3335. What is the remainder when i is divided by r?
7
Let h = -52 - -65. Calculate the remainder when 250/(-4)*((-6)/30 - 1) is divided by h.
10
Calculate the remainder when 661 is divided by ((-125)/(-100))/(1/28).
31
Suppose 135 - 63 = 4*p. Calculate the remainder when 61 is divided by p.
7
What is the remainder when (-2320)/(-28) + (-7)/(-49) is divided by 42?
41
Suppose p - 14525 = -14523. What is the remainder when (-11)/(-3)*3*1 is divided by p?
1
Suppose -2*j + 6 = 0, 2*d - 121 = -3*j + 4. Suppose -2*w + d = w + 4*c, 5*c = 2*w - 8. Suppose 70 = 4*i + w. What is the remainder when 53 is divided by i?
11
Let k(c) = -9*c - 12. Calculate the remainder when k(-7) is divided by 14.
9
Let k = 222 - 202. Calculate the remainder when 179 is divided by k.
19
Let r = 3438 + -3432. Suppose g = 12 + 4. Calculate the remainder when g is divided by r.
4
Let k(g) = g**2 + 12*g + 22. Let f be k(-10). Calculate the remainder when 3/(-9*f/(-354)) is divided by 12.
11
Suppose 3*b - 164 = -59. Suppose 0 = 2*v + v - 18. Calculate the remainder when b is divided by v.
5
Let t = -11 - -16. Suppose 12 = 2*a + z, 4*a + 4*z - 21 = 7. Suppose -a*j = 6*x - 3*x - 20, t = 2*x - 5*j. What is the remainder when x is divided by 2?
1
Suppose -4224 = -15*n + 456. Calculate the remainder when n is divided by 51.
6
Let k = 36 - 31. Suppose -4*v = -k*v + 15. Calculate the remainder when 88 is divided by v.
13
Let t be ((-36)/15)/((-4)/(-20)). Let m = -24 - t. Let y = 25 + m. What is the remainder when 38 is divided by y?
12
Let t be (-33)/(-1 + 0/(-2)). Let l = t + -13. Suppose -97 = -2*p + 59. Calculate the remainder when p is divided by l.
18
Let h(p) = -p**3 + 6*p**2 + 8*p + 1. Let o = 783 + -755. What is the remainder when o is divided by h(7)?
4
Suppose 0 = -3*f + 2*x + 116, 0 = -f - 4*x + 2*x + 36. What is the remainder when 75 is divided by f?
37
Suppose -743*l + 833 = -726*l. What is the remainder when 81 is divided by l?
32
Suppose 1386*g = 1393*g - 126. Calculate the remainder when 66 is divided by g.
12
Let b(w) = w**2 + 10*w + 4. Let l be b(-11). What is the remainder when 805/l - (-1)/3 is divided by 29?
25
Let w(y) = -5*y + 2. Let h(i) = -i**2 + i - 1. Let p(b) = -3*b**2 + 4*b - 12. Let a(l) = -4*h(l) + p(l). What is the remainder when a(-7) is divided by w(-4)?
19
Suppose g - 2*b = 101, -4*b - 97 = -2*g + g. Let s(r) = 5*r + 7. Let l be s(15). Suppose -3*m - 1 + l = 0. What is the remainder when g is divided by m?
24
Suppose -12 = 2*d - 64. Suppose 0 = -5*s + 64 + d. What is the remainder when 68 is divided by s?
14
Suppose 0 = -24*q - 18*q + 756. Suppose 2*w + 4*x - 54 = w, -5*w + 2*x + 160 = 0. Calculate the remainder when w is divided by q.
16
Suppose -5*c = -0*c - 505. Let p = -86 + c. What is the remainder when 42 is divided by p?
12
Suppose -3*s - 2*s = -65. Suppose -12*x + 150 = -270. Calculate the remainder when x is divided by s.
9
What is the remainder when 7230/70 + 14/(-49) is divided by 2?
1
Calculate the remainder when 3/(-9) + 13/((-117)/(-885)) is divided by 22.
10
Suppose -n - 5*o = 14, 32 = 3*n - 5*o - 6. Let v = 2 + n. Suppose 2 + v = u. What is the remainder when 29 is divided by u?
9
Let z be -1 + -1 + 1 - -6. Let n(s) = 0*s + s - s**2 + z*s + s - 4. What is the remainder when 11 is divided by n(5)?
5
Let w be 1 + -2 + (10 - 3). Suppose 0 = -0*d + 2*d + 2*m, -3 = 4*d + 5*m. What is the remainder when (27/w)/((-3)/(-6)) is divided by d?
0
Let x(t) = 8*t**2 - 1. Suppose 5*j + 4 = -1. What is the remainder when 13 is divided by x(j)?
6
Suppose -u - 20 = -5*l, -5*u = 3*l + 14 + 2. Suppose -100 = -l*k - v, -82 = -5*k - 2*v + 84. Calculate the remainder when 201 is divided by k.
31
What is the remainder when (-8)/36 + (-27030)/(-135) is divided by 7?
4
Let i be (-3492)/(-52) + 4 + (-2)/13. Suppose -5*t + 9 + i = 5*h, 5*t + 19 = 4*h. Calculate the remainder when 42 is divided by h.
9
Let o = 803 - 744. Calculate the remainder when 113 is divided by o.
54
Let f(n) = -n**3 + 10*n**2 + 25*n + 5. Let u = 71 - 40. Calculate the remainder when u is divided by f(12).
14
Suppose -3*p + 3*j + 21 = 0, 0 = -4*p + 5*j + 31 + 2. Suppose 5*s - 24 = -4*z - p, s - 8 = -2*z. Calculate the remainder when 5 is divided by s.
1
Let l be -180 + 13 + -2 + -1. Let y(g) = 2*g**2 + 9*g + 4. Calculate the remainder when (l/6)/(3 + 70/(-21)) is divided by y(-6).
19
Let s(z) = -z + 24. Let c = 7 - 19. Let p = 25 + c. Calculate the remainder when s(0) is divided by p.
11
Suppose 166*l = 162*l + 392. Calculate the remainder when l is divided by 20.
18
Let s(x) = -x**2 - 6*x - 2. Let a be s(-5). Suppose 2*f + 20 = a*f. What is the remainder when 35 is divided by ((-12)/f)/(1/(-15))?
8
Let r = -37 + 43. Suppose 0 = 2*j + 2*w - 32, -5*j - r*w = -4*w - 83. Calculate the remainder when 30 is divided by j.
13
Let h(b) = -b**2 + 24*b + 192. Calculate the remainder when 34 is divided by h(-6).
10
Let p(g) = -4*g - 54. Let q(z) = -13*z - 161. Let m(l) = -7*p(l) + 2*q(l). What is the remainder when m(0) is divided by 19?
18
Suppose 10*z - 9*z - 112 = 2*p, 126 = z + 5*p. What is the remainder when z is divided by 9?
8
What is the remainder when 1245 is divided by ((-192)/5)/((-28)/70)?
93
Suppose -t - 164 = -3*o, t + 4*o = 2*o - 144. What is the remainder when 1/(1 + t/154) is divided by 27?
23
Let d = -996 - -1391. Calculate the remainder when d is divided by 132.
131
Let o(k) = -30*k**3 - k**2 - k + 1. Let s be o(1). Let y = -48 + 95. Let c = y + s. Calculate the remainder when 30 is divided by c.
14
Suppose 8*f - 630 = -13*f. What is the remainder when f is divided by 1*1/(4/52)?
4
Suppose 67*n = 58*n + 1503. What is the remainder when n is divided by 13?
11
Let v(c) = -13*c - 215. What is the remainder when -7*(3 + -5) - -2 is divided by v(-17)?
4
Suppose q + 0*q = -3*h + 67, 2*h = -5*q + 36. Let s(b) = 1. Let o(n) = -15*n + 13. Let i(p) = o(p) - 5*s(p). Calculate the remainder when i(-4) is divided by h.
22
Suppose -3*b - 4*r - 95 = -6*b, -80 = -3*b + r. Suppose 3*s + 2*l = 52, 0*l = -l + 5. What is the remainder when b is divided by s?
11
What is the remainder when 11250/200 + 6/8 is divided by 2?
1
Let l(g) = -g**3 + 8*g**2 + 11*g - 10. Suppose 0 = -5*h - 0 - 5, 0 = b - 5*h - 9. Calculate the remainder when 38 + (b/1)/4 is divided by l(9).
7
Let d = 61 - 43. Let y(w) be the second derivative of w**5/20 - w**4/3 - 2*w**3/3 + 5*w**2/2 - 2*w. Calculate the remainder when y(6) is divided by d.
17
Suppose 500 = 31*b - 27. What is the remainder when b is divided by 12?
5
Let r(o) = o**2 - 12*o - 44. Calculate the remainder when r(18) is divided by 18.
10
Calculate the remainder when 29 is divided by ((-8)/(-18))/(11/495).
9
Let p(f) = 25*f - 8. Let v be p(1). Suppose -v + 41 = 2*a. Calculate the remainder when 68